{"id":1293,"date":"2011-05-12T18:07:56","date_gmt":"2011-05-12T17:07:56","guid":{"rendered":"http:\/\/velocanauxdodo.free.fr\/?page_id=1293"},"modified":"2021-05-16T10:57:41","modified_gmt":"2021-05-16T09:57:41","slug":"canal-de-la-sauldre","status":"publish","type":"page","link":"http:\/\/www.velocanauxdodo.fr\/?page_id=1293","title":{"rendered":"Canal de la Sauldre"},"content":{"rendered":"<p><img loading=\"lazy\" decoding=\"async\" class=\"alignleft size-medium wp-image-1296\" title=\"img_1902\" src=\"\/wp-content\/uploads\/img_1902-218x300.jpg\" alt=\"img_1902\" width=\"149\" height=\"207\">En 2 \u00e9tapes les 5 mars et 7 mai 2011. Le canal de la Sauldre est aussi appel\u00e9 \u00ab\u00a0canal sans queue ni t\u00eate\u00a0\u00bb car c&rsquo;est seul canal Fran\u00e7ais \u00e0 ne pas \u00eatre reli\u00e9 \u00e0 une autre voie navigable.&nbsp; La premi\u00e8re partie est sauvage; on traverse la for\u00eat Solognote&#8230; des arbres majestueux, des ch\u00eanes avec quelques&nbsp;feuilles&nbsp;naissantes par cette belle journ\u00e9e de fin d&rsquo;hiver, et, entre les branches emmel\u00e9es le vert fonc\u00e9 de quelques pins. La partie ouest ondule dans les champs et les berges du canal sont bord\u00e9es par des haies de platanes centenaires; des allures de canal du midi. Pour compl\u00e9ter le tableau par une touche de rouge, on trouvera une architecture toute de briques: maisons \u00e9clusi\u00e8res, ponts, \u00e9cluses, fours \u00e0 pain, puits, etc&#8230;. Allez-y, c&rsquo;est une merveille, mais elle se m\u00e9rite.<\/p>\n<h2>Le voyage:<img loading=\"lazy\" decoding=\"async\" class=\"alignright size-medium wp-image-1298\" title=\"20110507105425-img_2311\" src=\"\/wp-content\/uploads\/20110507105425-img_2311-300x225.jpg\" alt=\"20110507105425-img_2311\" width=\"300\" height=\"225\" srcset=\"http:\/\/www.velocanauxdodo.fr\/wp-content\/uploads\/20110507105425-img_2311-300x225.jpg 300w, http:\/\/www.velocanauxdodo.fr\/wp-content\/uploads\/20110507105425-img_2311.jpg 1024w\" sizes=\"auto, (max-width: 300px) 100vw, 300px\" \/><\/h2>\n<p>De Massy en auto. Mais on peut se rendre \u00e0 Lamotte-Beuvron en train depuis la gare d&rsquo;Austerlitz + changement \u00e0 Orl\u00e9ans. Et, miracle, on peut m\u00eame prendre son v\u00e9lo!<\/p>\n<h2>L\u2019itin\u00e9raire:<\/h2>\n<p>Etape 1: De Lamotte-Beuvron \u00e0 Brinon par le halage et retour par la route.<\/p>\n<p>Etape 2: De Blancafort \u00e0 Brinon et retour par le halage.<\/p>\n<p><img loading=\"lazy\" decoding=\"async\" class=\"alignleft size-full wp-image-684\" title=\"danger\" src=\"\/wp-content\/uploads\/danger.gif\" alt=\"danger\" width=\"48\" height=\"48\"><\/p>\n<p>Le halage ou ce qu&rsquo;il en reste est est tr\u00e8s in\u00e9gal. Pour la premi\u00e8re \u00e9tape c&rsquo;est du hors piste complet agr\u00e9ment\u00e9 de taupini\u00e8res, labourages de sangliers et arbres en travers. La deuxi\u00e8me \u00e9tape est plus roulante mais avec des parties encore difficiles (herbes hautes et orties). N&rsquo;oubliez pas que vous \u00eates en Sologne, pays humide et que les berges peuvent \u00eatre boueuses. D\u00e9conseill\u00e9 aux VTC et aux enfants.<\/p>\n<table>\n<tbody>\n<tr>\n<td>\n<p><div id=\"attachment_1301\" style=\"width: 370px\" class=\"wp-caption alignnone\"><img loading=\"lazy\" decoding=\"async\" aria-describedby=\"caption-attachment-1301\" class=\" wp-image-1301 \" title=\"img_1888\" src=\"\/wp-content\/uploads\/img_1888-300x225.jpg\" alt=\"img_1888\" width=\"360\" height=\"270\" srcset=\"http:\/\/www.velocanauxdodo.fr\/wp-content\/uploads\/img_1888-300x225.jpg 300w, http:\/\/www.velocanauxdodo.fr\/wp-content\/uploads\/img_1888.jpg 1024w\" sizes=\"auto, (max-width: 360px) 100vw, 360px\" \/><p id=\"caption-attachment-1301\" class=\"wp-caption-text\">Un canal sans queue&#8230; (Lamotte-Beuvron)<\/p><\/div><\/td>\n<td>\n<p><div id=\"attachment_1302\" style=\"width: 370px\" class=\"wp-caption alignnone\"><img loading=\"lazy\" decoding=\"async\" aria-describedby=\"caption-attachment-1302\" class=\"wp-image-1302 \" title=\"20110507100133-img_2293\" src=\"\/wp-content\/uploads\/20110507100133-img_2293-300x225.jpg\" alt=\"...ni t\u00eate (Blancafort)\" width=\"360\" height=\"270\" srcset=\"http:\/\/www.velocanauxdodo.fr\/wp-content\/uploads\/20110507100133-img_2293-300x225.jpg 300w, http:\/\/www.velocanauxdodo.fr\/wp-content\/uploads\/20110507100133-img_2293.jpg 1024w\" sizes=\"auto, (max-width: 360px) 100vw, 360px\" \/><p id=\"caption-attachment-1302\" class=\"wp-caption-text\">&#8230;ni t\u00eate (Blancafort)<\/p><\/div><\/td>\n<\/tr>\n<\/tbody>\n<\/table>\n<h2>Les \u00e9tapes:<\/h2>\n<h4>Lamotte-Beuvron\u2192Brinon-sur-Sauldre (44 km)<img loading=\"lazy\" decoding=\"async\" class=\"alignright size-medium wp-image-1309\" title=\"img_1897\" src=\"\/wp-content\/uploads\/img_1897-300x225.jpg\" alt=\"img_1897\" width=\"300\" height=\"225\" srcset=\"http:\/\/www.velocanauxdodo.fr\/wp-content\/uploads\/img_1897-300x225.jpg 300w, http:\/\/www.velocanauxdodo.fr\/wp-content\/uploads\/img_1897.jpg 1024w\" sizes=\"auto, (max-width: 300px) 100vw, 300px\" \/><\/h4>\n<p>D\u00e9part du bassin dans le centre ville. Le halage est assez roulant au d\u00e9part, mais \u00e7a ne dure pas! Madame qui roule en VTC a du mal a passer les obstacles mais tient bon. Apr\u00e8s 20km de taupini\u00e8res nous quittons le canal au nord de Brignon(47\u00b034.923&rsquo;N, 2\u00b014.719&rsquo;E) &nbsp;pour retourner sur Lamotte par les petites routes. Petit d\u00e9tour nostalgique par l&rsquo;<a href=\"http:\/\/www.caes.cnrs.fr\/vacances\/centres-exterieurs\/coproprietes-et-partenariats\/pierrefitte-sur-sauldre-loir-et-cher\" target=\"_blank\" rel=\"noopener\">Aubette<\/a>.<\/p>\n<h4>Blancafort\u2192Brinon-sur-Sauldre (57km)<\/h4>\n<p>D\u00e9part du bout du canal au lieu dit \u00ab\u00a0La cantine\u00a0\u00bb \u00e0 2km au sud de Blancafort. Le sentier est assez bien roulant sur 70% du parcours. Quelques endroits difficiles car non fauch\u00e9s (il faut passer au bon moment!).&nbsp; Peu d&rsquo;ouvrages d&rsquo;art sur cette partie, mais 2 villes travers\u00e9es (Blancafort et Argent). Passage \u00e0 l&rsquo;\u00e9tang du Puits ou on peut boire un coup \u00e0 la buvette, se baigner et m\u00eame faire du p\u00e9dalo (pour changer). Retour par lme m\u00eame chemin jusqu&rsquo;\u00e0 Argent. L\u00e0, nous prenons une petite route le long de la Sauldre en esp\u00e9rant l&rsquo;apercevoir; c&rsquo;est sans int\u00e9r\u00eat, mieux vaut prendre le halage.<\/p>\n<h2>Le parcours<\/h2>\n<p>Ci dessous la trace du parcours. A vous de jouer.<\/p>\n<p><center>[map kml=\u00a0\u00bbhttp:\/\/www.velocanauxdodo.fr\/wp-content\/gpstraces\/sauldre.kml\u00a0\u00bb style=\u00a0\u00bbwidth:900px; height:300px;border:2px solid black; margin:20px 20px 20px 20px;\u00a0\u00bb z=\u00a0\u00bb11&Prime;]<\/center><center>&nbsp;<\/center>Les donn\u00e9es GPS compl\u00e8tes: Routes, Traces, points d&rsquo;int\u00e9r\u00eats sont disponibles dans le menu <a href=\"\/?page_id=262\">t\u00e9l\u00e9chargements<\/a>.<\/p>\n<h2>Documentation<\/h2>\n<p><div class=\"note\"><div class=\"noteclassic\"><\/p>\n<p>Sur la rando \u00e0 v\u00e9lo, rien!<\/p>\n<p>Pour la partie historique du canal on peut consulter le site <a href=\"http:\/\/fr.wikipedia.org\/wiki\/Canal_de_la_Sauldre\" target=\"_blank\" rel=\"noopener\">Wikipedia<\/a> ou celui de la ville d&rsquo;<a href=\"http:\/\/argentsursauldre.pagesperso-orange.fr\/canal.HTM\" target=\"_blank\" rel=\"noopener\">Argent-sur-Sauldre<\/a>.<\/p>\n<p>Et bien s\u00fbr l&rsquo;encyclop\u00e9die des voies navigables: Le <a href=\"http:\/\/projetbabel.org\/fluvial\/rica_sauldre-canal.htm\" target=\"_blank\" rel=\"noopener\">projet Babel<\/a>.<\/p>\n<p><\/div><\/div><\/p>\n<\/p>\n<h2>Photos<\/h2>\n<h4>Le canal<\/h4>\n<p>ngg_shortcode_0_placeholder<\/p>\n<h4>Les ouvrages<\/h4>\n<p>ngg_shortcode_1_placeholder<\/p>\n<p>\n<p style=\"text-align: right;\"><a href=\"http:\/\/www.velocanauxdodo.fr\/?page_id=1293&amp;print=1\" title=\"Imprimer cet article\" rel=\"nofollow\"><img decoding=\"async\" class=\"WP-PrintIcon\" src=\"http:\/\/www.velocanauxdodo.fr\/wp-content\/plugins\/wp-print\/images\/print.gif\" alt=\"Imprimer cet article\" title=\"Imprimer cet article\" style=\"border: 0px;\" \/><\/a>&nbsp;<a href=\"http:\/\/www.velocanauxdodo.fr\/?page_id=1293&amp;print=1\" title=\"Imprimer cet article\" rel=\"nofollow\">Imprimer cet article<\/a><\/p>\n","protected":false},"excerpt":{"rendered":"<p>En 2 \u00e9tapes les 5 mars et 7 mai 2011. Le canal de la Sauldre est aussi appel\u00e9 \u00ab canal sans queue ni t\u00eate \u00bb car c&rsquo;est seul canal Fran\u00e7ais \u00e0 ne pas \u00eatre reli\u00e9 \u00e0 une autre voie navigable.&nbsp; La premi\u00e8re partie est sauvage; on traverse la for\u00eat Solognote&#8230; des arbres majestueux, des ch\u00eanes [&#8230;]<\/p>\n","protected":false},"author":3,"featured_media":0,"parent":179,"menu_order":0,"comment_status":"open","ping_status":"open","template":"","meta":{"ngg_post_thumbnail":0,"footnotes":""},"class_list":["post-1293","page","type-page","status-publish","hentry","odd"],"_links":{"self":[{"href":"http:\/\/www.velocanauxdodo.fr\/index.php?rest_route=\/wp\/v2\/pages\/1293","targetHints":{"allow":["GET"]}}],"collection":[{"href":"http:\/\/www.velocanauxdodo.fr\/index.php?rest_route=\/wp\/v2\/pages"}],"about":[{"href":"http:\/\/www.velocanauxdodo.fr\/index.php?rest_route=\/wp\/v2\/types\/page"}],"author":[{"embeddable":true,"href":"http:\/\/www.velocanauxdodo.fr\/index.php?rest_route=\/wp\/v2\/users\/3"}],"replies":[{"embeddable":true,"href":"http:\/\/www.velocanauxdodo.fr\/index.php?rest_route=%2Fwp%2Fv2%2Fcomments&post=1293"}],"version-history":[{"count":51,"href":"http:\/\/www.velocanauxdodo.fr\/index.php?rest_route=\/wp\/v2\/pages\/1293\/revisions"}],"predecessor-version":[{"id":7222,"href":"http:\/\/www.velocanauxdodo.fr\/index.php?rest_route=\/wp\/v2\/pages\/1293\/revisions\/7222"}],"up":[{"embeddable":true,"href":"http:\/\/www.velocanauxdodo.fr\/index.php?rest_route=\/wp\/v2\/pages\/179"}],"wp:attachment":[{"href":"http:\/\/www.velocanauxdodo.fr\/index.php?rest_route=%2Fwp%2Fv2%2Fmedia&parent=1293"}],"curies":[{"name":"wp","href":"https:\/\/api.w.org\/{rel}","templated":true}]}}