{"id":1693,"date":"2011-08-24T15:37:52","date_gmt":"2011-08-24T14:37:52","guid":{"rendered":"http:\/\/velocanauxdodo.free.fr\/?page_id=1693"},"modified":"2015-03-31T08:39:45","modified_gmt":"2015-03-31T07:39:45","slug":"velotrainvelobateau","status":"publish","type":"page","link":"http:\/\/www.velocanauxdodo.fr\/?page_id=1693","title":{"rendered":"V\u00e9lo+train\/V\u00e9lo+bateau&#8230;"},"content":{"rendered":"<p>La pratique de la randonn\u00e9e de plusieurs jours le long des voies d&rsquo;eau (et en r\u00e8gle g\u00e9n\u00e9rale pour toutes les voies vertes et v\u00e9loroutes) se heurte au probl\u00e8me majeur du <strong><em>comment faire pour retourner au point de d\u00e9part.<\/em><\/strong><\/p>\n<ol>\n<li>\n<div>Ces itin\u00e9raires, am\u00e9nag\u00e9es le long d&rsquo;anciennes voies de communications (canaux ou anciennes voies ferr\u00e9es) sont lin\u00e9aires sur des distances souvent importantes. Il est facile sur une randonn\u00e9e d&rsquo;une semaine de parcourir 300km. Il est bien s\u00fbr possible de revenir par le m\u00eame chemin (boucle) mais, m\u00eame si la vue change, on traverse les m\u00eames paysages et villages, et, il faut aussi consacrer deux fois plus de temps!<\/div>\n<\/li>\n<li>\n<div>Contrairement au sac \u00e0 dos de la randonn\u00e9e p\u00e9destre, le v\u00e9lo et les sacoches sont difficilement transportables. Quasiment impossible en taxi, refus\u00e9s par la plupart des transports en bus et autocar, tol\u00e9r\u00e9s dans les RER \u00e0 certaines heures, bient\u00f4t plus possible dans les quelques rares TGV qui les acceptent encore, il ne reste gu\u00e8re que quelques trains Corail en grandes lignes et \u00a0les TER dans lesquels on peut transporter son v\u00e9lo <span style=\"text-decoration: underline;\">mont\u00e9<\/span>.<\/div>\n<\/li>\n<\/ol>\n<p><img loading=\"lazy\" decoding=\"async\" class=\"aligncenter size-full wp-image-1822\" title=\"20110922153457-img_0685\" src=\"\/wp-content\/uploads\/20110922153457-img_0685.jpg\" alt=\"20110922153457-img_0685\" width=\"640\" height=\"299\" srcset=\"http:\/\/www.velocanauxdodo.fr\/wp-content\/uploads\/20110922153457-img_0685.jpg 640w, http:\/\/www.velocanauxdodo.fr\/wp-content\/uploads\/20110922153457-img_0685-300x140.jpg 300w\" sizes=\"auto, (max-width: 640px) 100vw, 640px\" \/><\/p>\n<h2>V\u00e9lo et train<\/h2>\n<p>Aujourd&rsquo;hui, la pratique de ce loisir se d\u00e9veloppe notamment chez les plus vieux, un peu moins sportifs que quand ils avaient quelques ann\u00e9es de moins, et chez les familles avec enfants qui peuvent circuler le long de ces voies en toute s\u00e9curit\u00e9. Parall\u00e8lement, les r\u00e9gions et les d\u00e9partements font des efforts consid\u00e9rables pour am\u00e9nager chemins de halage et voies ferr\u00e9es d\u00e9saffect\u00e9es. Ces am\u00e9nagements et leur utilisation grandissante sont des atouts pour le d\u00e9veloppement \u00e9conomique local: patrimoine, h\u00e9bergement, animation&#8230; Tout serait donc en place pour offrir une forme de tourisme \u00ab\u00a0vert\u00a0\u00bb s&rsquo;il ne restait cette question: <em>Mais comment vais-je faire, une fois \u00e0 destination, pour rentrer chez moi? <\/em>Et je parle en connaissance de cause: dans l&rsquo;organisation des randonn\u00e9es d\u00e9crites sur ce site, c&rsquo;est la premi\u00e8re question que je me pose . La randonn\u00e9e v\u00e9lo(hors boucle \u00e9videmment) souffre de compl\u00e9mentarit\u00e9. Pour moi, le compl\u00e9ment id\u00e9al est le train. C&rsquo;est difficile, de plus en plus difficile, car petit \u00e0 petit, la SNCF r\u00e9tr\u00e9cie son offre (TGV \u00ab\u00a0Duplex\u00a0\u00bb mis en place d\u00e9but 2009 sur le TGV Sud-Est qui ne prennent pas les v\u00e9los par exemple), mais on y arrive, m\u00eame si c&rsquo;est plus long et plus cher. Cependant, certaines destinations sont ou seront impossibles (la ViaRh\u00f4na le long du Rh\u00f4ne par exemple). Deux cas de figure peuvent se pr\u00e9senter:<\/p>\n<p><img loading=\"lazy\" decoding=\"async\" class=\"alignleft size-medium wp-image-1697\" title=\"canal3\" src=\"\/wp-content\/uploads\/canal3-300x225.jpg\" alt=\"canal3\" width=\"300\" height=\"225\" srcset=\"http:\/\/www.velocanauxdodo.fr\/wp-content\/uploads\/canal3-300x225.jpg 300w, http:\/\/www.velocanauxdodo.fr\/wp-content\/uploads\/canal3.jpg 400w\" sizes=\"auto, (max-width: 300px) 100vw, 300px\" \/><\/p>\n<p>&nbsp;<\/p>\n<p>&nbsp;<\/p>\n<p>Vous disposez \u00e0 proximit\u00e9 d&rsquo;une gare ou vous pouvez vous rendre \u00e0 v\u00e9lo (ou en auto!). De cette gare vous pouvez rallier (facilement) votre point de d\u00e9part. De votre point d&rsquo;arriv\u00e9e vous pouvez revenir chez vous. C&rsquo;est l&rsquo;id\u00e9al.<\/p>\n<p>Exemple: La Mayenne de Angers \u00e0 Laval. Gare TGV dans chacune de ces villes. On peut rejoindre Paris et via les interconnexions la plupart des villes de l&rsquo;Est (trains TGV \u00ab\u00a0Lacroix\u00a0\u00bb).<\/p>\n<p>Contre-exemple: Avant 2009, il \u00e9tait possible de rallier S\u00e8te ou Agde par TGV pour faire le canal du midi jusqu&rsquo;\u00e0 Toulouse et de l\u00e0, rejoindre la plupart des destinations.<\/p>\n<p>&nbsp;<\/p>\n<p>&nbsp;<\/p>\n<p><img loading=\"lazy\" decoding=\"async\" class=\"alignleft size-medium wp-image-1695\" title=\"canal1\" src=\"\/wp-content\/uploads\/canal1-300x225.jpg\" alt=\"canal1\" width=\"300\" height=\"225\" srcset=\"http:\/\/www.velocanauxdodo.fr\/wp-content\/uploads\/canal1-300x225.jpg 300w, http:\/\/www.velocanauxdodo.fr\/wp-content\/uploads\/canal1.jpg 400w\" sizes=\"auto, (max-width: 300px) 100vw, 300px\" \/><\/p>\n<p>&nbsp;<\/p>\n<p>L\u00e0 aussi, il y a une gare \u00e0 chaque bout (c&rsquo;est souvent le cas: des villes importantes se sont d\u00e9velopp\u00e9es le long des canaux au temps de leur gloire), et un TER fait la liaison entre les deux.<\/p>\n<p>Exemple: La Meuse (Charleville-M\u00e9zi\u00e8re\/R\u00e9vin), le Loing (Veneuil\/Montargis), l&rsquo;Yonne(Montereau\/Auxerre)&#8230;<\/p>\n<p>&nbsp;<\/p>\n<p>&nbsp;<\/p>\n<p>&nbsp;<\/p>\n<p>Malgr\u00e9 une communication agressive (site v\u00e9lo, partenariats&#8230;) il est clair, dans les actes, que la SNCF se d\u00e9sinteresse totalement du v\u00e9lo sur les grandes lignes et ne joue pas son r\u00f4le de service public d&rsquo;accompagnement des politiques locales. Heureusement que les r\u00e9gions d\u00e9finissent leurs priorit\u00e9s en mati\u00e8re de transports et qu&rsquo;elles g\u00e9rent l&rsquo;exploitation et le renouvelement du mat\u00e9riel TER.<\/p>\n<p>Un outil bien pratique pour organiser ses d\u00e9placements en train.<br \/>\nEn quelques clics, depuis n&rsquo;importe quelle gare de France, trouvez toutes les lignes, toutes les gares desservies et les horaires.<a id=\"peniche\"><\/a><br \/>\nC&rsquo;est <a href=\"http:\/\/www.trains-horaires.com\/gares\" target=\"_blank\" rel=\"nofollow\">ici<\/a><\/p>\n<h2>Et si on faisait de la p\u00e9niche<\/h2>\n<p><img loading=\"lazy\" decoding=\"async\" class=\"alignright size-medium wp-image-1696\" title=\"canal2\" src=\"\/wp-content\/uploads\/canal2-300x225.jpg\" alt=\"canal2\" width=\"300\" height=\"225\" srcset=\"http:\/\/www.velocanauxdodo.fr\/wp-content\/uploads\/canal2-300x225.jpg 300w, http:\/\/www.velocanauxdodo.fr\/wp-content\/uploads\/canal2.jpg 400w\" sizes=\"auto, (max-width: 300px) 100vw, 300px\" \/>Une autre alternative est d\u00e9sormais possible gr\u00e2ce au d\u00e9veloppement du tourisme fluvial (location de bateau\/p\u00e9niches sans permis) et \u00e0 la possibilit\u00e9 qu&rsquo;offrent certains loueurs de proposer des allez simples. L&rsquo;occasion de voir le canal depuis le bord depuis son v\u00e9lo \u00a0ET de voir les cyclistes sur le halage depuis le bateau.<\/p>\n<ul>\n<li>Attention, on va beaucoup plus vite en v\u00e9lo qu&rsquo;en bateau (vitesse limit\u00e9e \u00e0 6 ou 8km\/h et passages d&rsquo;\u00e9cluses). On peut trouver des combinaisons de 5 jours \u00e0 p\u00e9niche et 3 jours \u00e0 v\u00e9lo par exemple. Voir par exemple notre rando sur la Ba\u00efse (\u00e0 <a href=\"\/?page_id=1333\">v\u00e9lo<\/a>, en <a href=\"\/?page_id=1368\">bateau<\/a>).<\/li>\n<li>Mais c&rsquo;est cher! oui, si vous avez l&rsquo;habitude de camper, c&rsquo;est hors de prix. Si, comme nous (arriv\u00e9 vers la soixantaine, on est plus \u00e0 l&rsquo;aise), vous pr\u00e9f\u00e9rez dormir et manger en chambre d&rsquo;h\u00f4tes, ce n&rsquo;est pas plus cher \u00e0 partir de 4 \u00e0 5 personnes de louer un bateau.<\/li>\n<li>Mais on s&#8217;emm&#8230;. sur un bateau. Eh bien non! c&rsquo;est ce qu&rsquo;on croyais, mais non: les manoeuvres, les rencontres avec les \u00e9clusiers, mariniers et cyclistes, la beaut\u00e9 des paysages vu du milieu du canal\/rivi\u00e8re agr\u00e9mentent la journ\u00e9e.<\/li>\n<\/ul>\n<p>Plus d&rsquo;infos sur les sites des loueurs : <a href=\"http:\/\/www.aquitaine-navigation.com\/index.html\" target=\"_blank\">Aquitaine Navigation<\/a>, <a href=\"http:\/\/www.leboat.fr\/\" target=\"_blank\">Le Boat<\/a>, <a href=\"http:\/\/www.canalous-plaisance.fr\/\" target=\"_blank\">Les Canalous<\/a>, <a href=\"http:\/\/www.locaboat.com\/\" target=\"_blank\">Locaboat<\/a>, <a href=\"http:\/\/www.nicols.com\/\" target=\"_blank\">Nicols<\/a>,&#8230;<\/p>\n","protected":false},"excerpt":{"rendered":"<p>La pratique de la randonn\u00e9e de plusieurs jours le long des voies d&rsquo;eau (et en r\u00e8gle g\u00e9n\u00e9rale pour toutes les voies vertes et v\u00e9loroutes) se heurte au probl\u00e8me majeur du comment faire pour retourner au point de d\u00e9part.<\/p>\n<p> Ces itin\u00e9raires, am\u00e9nag\u00e9es le long d&rsquo;anciennes voies de communications (canaux ou anciennes voies ferr\u00e9es) sont lin\u00e9aires sur [&#8230;]<\/p>\n","protected":false},"author":3,"featured_media":0,"parent":1467,"menu_order":10,"comment_status":"open","ping_status":"closed","template":"","meta":{"ngg_post_thumbnail":0,"footnotes":""},"class_list":["post-1693","page","type-page","status-publish","hentry","odd"],"_links":{"self":[{"href":"http:\/\/www.velocanauxdodo.fr\/index.php?rest_route=\/wp\/v2\/pages\/1693","targetHints":{"allow":["GET"]}}],"collection":[{"href":"http:\/\/www.velocanauxdodo.fr\/index.php?rest_route=\/wp\/v2\/pages"}],"about":[{"href":"http:\/\/www.velocanauxdodo.fr\/index.php?rest_route=\/wp\/v2\/types\/page"}],"author":[{"embeddable":true,"href":"http:\/\/www.velocanauxdodo.fr\/index.php?rest_route=\/wp\/v2\/users\/3"}],"replies":[{"embeddable":true,"href":"http:\/\/www.velocanauxdodo.fr\/index.php?rest_route=%2Fwp%2Fv2%2Fcomments&post=1693"}],"version-history":[{"count":21,"href":"http:\/\/www.velocanauxdodo.fr\/index.php?rest_route=\/wp\/v2\/pages\/1693\/revisions"}],"predecessor-version":[{"id":4945,"href":"http:\/\/www.velocanauxdodo.fr\/index.php?rest_route=\/wp\/v2\/pages\/1693\/revisions\/4945"}],"up":[{"embeddable":true,"href":"http:\/\/www.velocanauxdodo.fr\/index.php?rest_route=\/wp\/v2\/pages\/1467"}],"wp:attachment":[{"href":"http:\/\/www.velocanauxdodo.fr\/index.php?rest_route=%2Fwp%2Fv2%2Fmedia&parent=1693"}],"curies":[{"name":"wp","href":"https:\/\/api.w.org\/{rel}","templated":true}]}}