{"id":2392,"date":"2013-04-11T07:27:25","date_gmt":"2013-04-11T06:27:25","guid":{"rendered":"http:\/\/www.velocanauxdodo.fr\/?page_id=2392"},"modified":"2021-05-16T11:01:28","modified_gmt":"2021-05-16T10:01:28","slug":"canal-du-centre","status":"publish","type":"page","link":"http:\/\/www.velocanauxdodo.fr\/?page_id=2392","title":{"rendered":"Canal du Centre"},"content":{"rendered":"<p style=\"text-align: right;\"><a href=\"http:\/\/www.velocanauxdodo.fr\/?page_id=2392&amp;print=1\" title=\"Imprimer cet article\" rel=\"nofollow\"><img decoding=\"async\" class=\"WP-PrintIcon\" src=\"http:\/\/www.velocanauxdodo.fr\/wp-content\/plugins\/wp-print\/images\/print.gif\" alt=\"Imprimer cet article\" title=\"Imprimer cet article\" style=\"border: 0px;\" \/><\/a>&nbsp;<a href=\"http:\/\/www.velocanauxdodo.fr\/?page_id=2392&amp;print=1\" title=\"Imprimer cet article\" rel=\"nofollow\">Imprimer cet article<\/a><\/p>\n<p style=\"text-align: left;\"><img loading=\"lazy\" decoding=\"async\" class=\"size-medium wp-image-2415 alignleft\" title=\"20120909084947-img_0670\" src=\"\/wp-content\/uploads\/20120909084947-img_0670-300x199.jpg\" alt=\"20120909084947-img_0670\" width=\"300\" height=\"199\" srcset=\"http:\/\/www.velocanauxdodo.fr\/wp-content\/uploads\/20120909084947-img_0670-300x199.jpg 300w, http:\/\/www.velocanauxdodo.fr\/wp-content\/uploads\/20120909084947-img_0670.jpg 448w\" sizes=\"auto, (max-width: 300px) 100vw, 300px\" \/>A l&rsquo;occasion du <a href=\"http:\/\/touraplat.velocanauxdodo.fr\/?cat=16\" target=\"_blank\" rel=\"noopener\">tour de France \u00e0 plat<\/a>, site sur lequel on trouvera un article sur cette \u00e9tape, entre Chalon et Digoin.<\/p>\n<h2 style=\"text-align: left;\">Les \u00e9tapes<\/h2>\n<p style=\"text-align: left;\"><img loading=\"lazy\" decoding=\"async\" class=\"alignnone size-full wp-image-406\" title=\"oui\" src=\"\/wp-content\/uploads\/oui.gif\" alt=\"oui\" width=\"48\" height=\"48\">Nuit \u00e0 Chalon au <a href=\"http:\/\/www.camping-chalon.com\/index.php\/fr\/\" target=\"_blank\" rel=\"noopener\">camping du Pont de Bourgogne<\/a>, \u00e0 2 pas du centre,&nbsp;sanitaires luxueux et remise de 10% aux cyclistes.<\/p>\n<h3 style=\"text-align: left;\">Chalon \u2192 Montchanain (62 km)<img loading=\"lazy\" decoding=\"async\" class=\"alignright size-medium wp-image-2431\" title=\"20120909085120-img_0672\" src=\"\/wp-content\/uploads\/20120909085120-img_0672-300x199.jpg\" alt=\"20120909085120-img_0672\" width=\"300\" height=\"199\" srcset=\"http:\/\/www.velocanauxdodo.fr\/wp-content\/uploads\/20120909085120-img_0672-300x199.jpg 300w, http:\/\/www.velocanauxdodo.fr\/wp-content\/uploads\/20120909085120-img_0672.jpg 448w\" sizes=\"auto, (max-width: 300px) 100vw, 300px\" \/><\/h3>\n<p style=\"text-align: left;\">Trouver le d\u00e9part de la voie verte au nord de Chalon n&rsquo;est pas le plus ais\u00e9! Nous sommes all\u00e9 intuitivement vers le d\u00e9bouch\u00e9 du canal sur la Sa\u00f4ne: perdu, cette partie n&rsquo;est pas am\u00e9nag\u00e9e et un peu sauvage! le mieux est de se r\u00e9f\u00e9rer au descriptif de l&rsquo;<a href=\"http:\/\/www.af3v.org\/-Fiche-VVV-.html?voie=189#\" target=\"_blank\" rel=\"noopener\">AF3V<\/a>.<\/p>\n<p style=\"text-align: left;\">Belle voie verte jusqu&rsquo;\u00e0 St-L\u00e9ger-sur-Dheune puis l&rsquo;itin\u00e9raire empruntera de petites d\u00e9partementales jusqu&rsquo;\u00e0 l&rsquo;entr\u00e9e de Paray-le-Monial.<\/p>\n<p style=\"text-align: left;\">Ne pas manquer de s&rsquo;arr\u00e9ter \u00e0 Ecuisse au lieu dit \u00ab\u00a0la neuvi\u00e8me \u00e9cluse\u00a0\u00bb pour visiter le <a href=\"http:\/\/www.bateau-musee-canal.com\/\" target=\"_blank\" rel=\"noopener\">mus\u00e9e du canal<\/a>. Vestiges de briqueterie.<\/p>\n<p style=\"text-align: left;\"><img loading=\"lazy\" decoding=\"async\" class=\"alignnone size-full wp-image-406\" title=\"oui\" src=\"\/wp-content\/uploads\/oui.gif\" alt=\"oui\" width=\"48\" height=\"48\">Nuit \u00e0 Montchanin \u00e0 <a href=\"http:\/\/www.hotel-restaurant-des-negociants.com\/\" target=\"_blank\" rel=\"noopener\">l&rsquo;h\u00f4tel des N\u00e9gociants<\/a><img loading=\"lazy\" decoding=\"async\" class=\"alignright size-medium wp-image-2416\" title=\"20120910092218-img_0427\" src=\"\/wp-content\/uploads\/20120910092218-img_0427-300x199.jpg\" alt=\"20120910092218-img_0427\" width=\"300\" height=\"199\" srcset=\"http:\/\/www.velocanauxdodo.fr\/wp-content\/uploads\/20120910092218-img_0427-300x199.jpg 300w, http:\/\/www.velocanauxdodo.fr\/wp-content\/uploads\/20120910092218-img_0427.jpg 448w\" sizes=\"auto, (max-width: 300px) 100vw, 300px\" \/>. Comme beaucoup de villes de province, Montchanin est ville-morte le dimanche!<\/p>\n<h3 style=\"text-align: left;\">Montchanin \u2192 Paray-le-Monial (56 km)<\/h3>\n<p style=\"text-align: left;\">Toujours le long de petites d\u00e9partementales. La travers\u00e9e de Montceau-les-Mines est bien am\u00e9nag\u00e9e. Villes (encore un peu) industrielles et nature sauvage, nous reviendrons avec un peu plus de temps \u00e0 consacrer \u00e0 cette r\u00e9gion inconnue des parisiens que nous sommes.<\/p>\n<p style=\"text-align: left;\">On retrouve un bout de voie verte quelques km avant Paray-le-Monial. Arr\u00eat incontournable pour la visite de la ville et en raison d&rsquo;une journ\u00e9e de pluie annonc\u00e9e. Donc, \u00e0 voir: La basilique et son cloitre, le mus\u00e9e du Hi\u00e9ron, le mus\u00e9e Charnoz&#8230;..<\/p>\n<p style=\"text-align: left;\"><img loading=\"lazy\" decoding=\"async\" class=\"alignnone size-full wp-image-308\" title=\"coeur_022\" src=\"\/wp-content\/uploads\/coeur_022.gif\" alt=\"coeur_022\" width=\"48\" height=\"48\">2 nuits au camping \u00ab\u00a0<a href=\"http:\/\/www.campingdemambre.com\/\" target=\"_blank\" rel=\"noopener\">Le Mambr\u00e9<\/a>\u00a0\u00bb \u00e0 Paray-le-Monial. Beau camping ombrag\u00e9 \u00e9quip\u00e9 \u00e0 tous les emplacements d&rsquo;une table avec si\u00e8ges ET abrit\u00e9s de la pluie. Remise aux cycliste.<img loading=\"lazy\" decoding=\"async\" class=\"alignright size-medium wp-image-2421\" title=\"20120912104835-img_0765\" src=\"\/wp-content\/uploads\/20120912104835-img_0765-300x199.jpg\" alt=\"20120912104835-img_0765\" width=\"300\" height=\"199\" srcset=\"http:\/\/www.velocanauxdodo.fr\/wp-content\/uploads\/20120912104835-img_0765-300x199.jpg 300w, http:\/\/www.velocanauxdodo.fr\/wp-content\/uploads\/20120912104835-img_0765.jpg 448w\" sizes=\"auto, (max-width: 300px) 100vw, 300px\" \/><\/p>\n<h3 style=\"text-align: left;\">Paray-le-Monial \u2192 Digoin (12 km)<\/h3>\n<p style=\"text-align: left;\">Belle voie verte jusqu&rsquo;\u00e0 Digoin o\u00f9 on retrouve la Loire. A visiter: <a href=\"http:\/\/www.observaloire.com\/\" target=\"_blank\" rel=\"noopener\">l&rsquo;observatoire de la Loire<\/a>.<\/p>\n<h2 style=\"text-align: left;\">Le parcours<\/h2>\n<p style=\"text-align: left;\">Ci-dessous la trace du parcours.<\/p>\n<p style=\"text-align: left;\">Les&nbsp;traces GPS&nbsp; sont disponibles dans le menu <a href=\"\/?page_id=262\">t\u00e9l\u00e9chargements<\/a>.<\/p>\n<p><center>[map kml=\u00a0\u00bbhttp:\/\/www.velocanauxdodo.fr\/wp-content\/gpstraces\/centre.kmz\u00a0\u00bb style=\u00a0\u00bbwidth:800px; height:600px; border:2px solid black; margin:20px 20px 20px 20px;\u00a0\u00bb z=\u00a0\u00bb10&Prime;]<\/center><\/p>\n<h2 style=\"text-align: left;\">Photos<\/h2>\n<p style=\"text-align: left;\">ngg_shortcode_0_placeholder<\/p>\n<p style=\"text-align: left;\"><\/p>\n<p style=\"text-align: right;\"><a href=\"http:\/\/www.velocanauxdodo.fr\/?page_id=2392&amp;print=1\" title=\"Imprimer cet article\" rel=\"nofollow\"><img decoding=\"async\" class=\"WP-PrintIcon\" src=\"http:\/\/www.velocanauxdodo.fr\/wp-content\/plugins\/wp-print\/images\/print.gif\" alt=\"Imprimer cet article\" title=\"Imprimer cet article\" style=\"border: 0px;\" \/><\/a>&nbsp;<a href=\"http:\/\/www.velocanauxdodo.fr\/?page_id=2392&amp;print=1\" title=\"Imprimer cet article\" rel=\"nofollow\">Imprimer cet article<\/a><\/p>\n","protected":false},"excerpt":{"rendered":"<p style=\"text-align: right;\">&nbsp;Imprimer cet article<\/p>\n<p style=\"text-align: left;\">A l&rsquo;occasion du tour de France \u00e0 plat, site sur lequel on trouvera un article sur cette \u00e9tape, entre Chalon et Digoin.<\/p>\n<p> Les \u00e9tapes <\/p>\n<p style=\"text-align: left;\">Nuit \u00e0 Chalon au camping du Pont de Bourgogne, \u00e0 2 pas du centre,&nbsp;sanitaires luxueux et remise de 10% aux cyclistes.<\/p>\n<p> Chalon [&#8230;]<\/p>\n","protected":false},"author":3,"featured_media":0,"parent":179,"menu_order":0,"comment_status":"open","ping_status":"open","template":"","meta":{"ngg_post_thumbnail":0,"footnotes":""},"class_list":["post-2392","page","type-page","status-publish","hentry","odd"],"_links":{"self":[{"href":"http:\/\/www.velocanauxdodo.fr\/index.php?rest_route=\/wp\/v2\/pages\/2392","targetHints":{"allow":["GET"]}}],"collection":[{"href":"http:\/\/www.velocanauxdodo.fr\/index.php?rest_route=\/wp\/v2\/pages"}],"about":[{"href":"http:\/\/www.velocanauxdodo.fr\/index.php?rest_route=\/wp\/v2\/types\/page"}],"author":[{"embeddable":true,"href":"http:\/\/www.velocanauxdodo.fr\/index.php?rest_route=\/wp\/v2\/users\/3"}],"replies":[{"embeddable":true,"href":"http:\/\/www.velocanauxdodo.fr\/index.php?rest_route=%2Fwp%2Fv2%2Fcomments&post=2392"}],"version-history":[{"count":29,"href":"http:\/\/www.velocanauxdodo.fr\/index.php?rest_route=\/wp\/v2\/pages\/2392\/revisions"}],"predecessor-version":[{"id":7228,"href":"http:\/\/www.velocanauxdodo.fr\/index.php?rest_route=\/wp\/v2\/pages\/2392\/revisions\/7228"}],"up":[{"embeddable":true,"href":"http:\/\/www.velocanauxdodo.fr\/index.php?rest_route=\/wp\/v2\/pages\/179"}],"wp:attachment":[{"href":"http:\/\/www.velocanauxdodo.fr\/index.php?rest_route=%2Fwp%2Fv2%2Fmedia&parent=2392"}],"curies":[{"name":"wp","href":"https:\/\/api.w.org\/{rel}","templated":true}]}}

<p style="text-align: right;"><a href="http://www.velocanauxdodo.fr/?page_id=2392&amp;print=1" title="Imprimer cet article" rel="nofollow"><img decoding="async" class="WP-PrintIcon" src="http://www.velocanauxdodo.fr/wp-content/plugins/wp-print/images/print.gif" alt="Imprimer cet article" title="Imprimer cet article" style="border: 0px;" /></a>&nbsp;<a href="http://www.velocanauxdodo.fr/?page_id=2392&amp;print=1" title="Imprimer cet article" rel="nofollow">Imprimer cet article</a></p>
<p style="text-align: left;"><img loading="lazy" decoding="async" class="size-medium wp-image-2415 alignleft" title="20120909084947-img_0670" src="/wp-content/uploads/20120909084947-img_0670-300x199.jpg" alt="20120909084947-img_0670" width="300" height="199" srcset="http://www.velocanauxdodo.fr/wp-content/uploads/20120909084947-img_0670-300x199.jpg 300w, http://www.velocanauxdodo.fr/wp-content/uploads/20120909084947-img_0670.jpg 448w" sizes="auto, (max-width: 300px) 100vw, 300px" />A l&rsquo;occasion du <a href="http://touraplat.velocanauxdodo.fr/?cat=16" target="_blank" rel="noopener">tour de France à plat</a>, site sur lequel on trouvera un article sur cette étape, entre Chalon et Digoin.</p>
<h2 style="text-align: left;">Les étapes</h2>
<p style="text-align: left;"><img loading="lazy" decoding="async" class="alignnone size-full wp-image-406" title="oui" src="/wp-content/uploads/oui.gif" alt="oui" width="48" height="48">Nuit à Chalon au <a href="http://www.camping-chalon.com/index.php/fr/" target="_blank" rel="noopener">camping du Pont de Bourgogne</a>, à 2 pas du centre,&nbsp;sanitaires luxueux et remise de 10% aux cyclistes.</p>
<h3 style="text-align: left;">Chalon → Montchanain (62 km)<img loading="lazy" decoding="async" class="alignright size-medium wp-image-2431" title="20120909085120-img_0672" src="/wp-content/uploads/20120909085120-img_0672-300x199.jpg" alt="20120909085120-img_0672" width="300" height="199" srcset="http://www.velocanauxdodo.fr/wp-content/uploads/20120909085120-img_0672-300x199.jpg 300w, http://www.velocanauxdodo.fr/wp-content/uploads/20120909085120-img_0672.jpg 448w" sizes="auto, (max-width: 300px) 100vw, 300px" /></h3>
<p style="text-align: left;">Trouver le départ de la voie verte au nord de Chalon n&rsquo;est pas le plus aisé! Nous sommes allé intuitivement vers le débouché du canal sur la Saône: perdu, cette partie n&rsquo;est pas aménagée et un peu sauvage! le mieux est de se référer au descriptif de l&rsquo;<a href="http://www.af3v.org/-Fiche-VVV-.html?voie=189#" target="_blank" rel="noopener">AF3V</a>.</p>
<p style="text-align: left;">Belle voie verte jusqu&rsquo;à St-Léger-sur-Dheune puis l&rsquo;itinéraire empruntera de petites départementales jusqu&rsquo;à l&rsquo;entrée de Paray-le-Monial.</p>
<p style="text-align: left;">Ne pas manquer de s&rsquo;arréter à Ecuisse au lieu dit « la neuvième écluse » pour visiter le <a href="http://www.bateau-musee-canal.com/" target="_blank" rel="noopener">musée du canal</a>. Vestiges de briqueterie.</p>
<p style="text-align: left;"><img loading="lazy" decoding="async" class="alignnone size-full wp-image-406" title="oui" src="/wp-content/uploads/oui.gif" alt="oui" width="48" height="48">Nuit à Montchanin à <a href="http://www.hotel-restaurant-des-negociants.com/" target="_blank" rel="noopener">l&rsquo;hôtel des Négociants</a><img loading="lazy" decoding="async" class="alignright size-medium wp-image-2416" title="20120910092218-img_0427" src="/wp-content/uploads/20120910092218-img_0427-300x199.jpg" alt="20120910092218-img_0427" width="300" height="199" srcset="http://www.velocanauxdodo.fr/wp-content/uploads/20120910092218-img_0427-300x199.jpg 300w, http://www.velocanauxdodo.fr/wp-content/uploads/20120910092218-img_0427.jpg 448w" sizes="auto, (max-width: 300px) 100vw, 300px" />. Comme beaucoup de villes de province, Montchanin est ville-morte le dimanche!</p>
<h3 style="text-align: left;">Montchanin → Paray-le-Monial (56 km)</h3>
<p style="text-align: left;">Toujours le long de petites départementales. La traversée de Montceau-les-Mines est bien aménagée. Villes (encore un peu) industrielles et nature sauvage, nous reviendrons avec un peu plus de temps à consacrer à cette région inconnue des parisiens que nous sommes.</p>
<p style="text-align: left;">On retrouve un bout de voie verte quelques km avant Paray-le-Monial. Arrêt incontournable pour la visite de la ville et en raison d&rsquo;une journée de pluie annoncée. Donc, à voir: La basilique et son cloitre, le musée du Hiéron, le musée Charnoz&#8230;..</p>
<p style="text-align: left;"><img loading="lazy" decoding="async" class="alignnone size-full wp-image-308" title="coeur_022" src="/wp-content/uploads/coeur_022.gif" alt="coeur_022" width="48" height="48">2 nuits au camping « <a href="http://www.campingdemambre.com/" target="_blank" rel="noopener">Le Mambré</a> » à Paray-le-Monial. Beau camping ombragé équipé à tous les emplacements d&rsquo;une table avec sièges ET abrités de la pluie. Remise aux cycliste.<img loading="lazy" decoding="async" class="alignright size-medium wp-image-2421" title="20120912104835-img_0765" src="/wp-content/uploads/20120912104835-img_0765-300x199.jpg" alt="20120912104835-img_0765" width="300" height="199" srcset="http://www.velocanauxdodo.fr/wp-content/uploads/20120912104835-img_0765-300x199.jpg 300w, http://www.velocanauxdodo.fr/wp-content/uploads/20120912104835-img_0765.jpg 448w" sizes="auto, (max-width: 300px) 100vw, 300px" /></p>
<h3 style="text-align: left;">Paray-le-Monial → Digoin (12 km)</h3>
<p style="text-align: left;">Belle voie verte jusqu&rsquo;à Digoin où on retrouve la Loire. A visiter: <a href="http://www.observaloire.com/" target="_blank" rel="noopener">l&rsquo;observatoire de la Loire</a>.</p>
<h2 style="text-align: left;">Le parcours</h2>
<p style="text-align: left;">Ci-dessous la trace du parcours.</p>
<p style="text-align: left;">Les&nbsp;traces GPS&nbsp; sont disponibles dans le menu <a href="/?page_id=262">téléchargements</a>.</p>
<p><center>[map kml= »http://www.velocanauxdodo.fr/wp-content/gpstraces/centre.kmz » style= »width:800px; height:600px; border:2px solid black; margin:20px 20px 20px 20px; » z= »10&Prime;]</center></p>
<h2 style="text-align: left;">Photos</h2>
<p style="text-align: left;">ngg_shortcode_0_placeholder</p>
<p style="text-align: left;"></p>
<p style="text-align: right;"><a href="http://www.velocanauxdodo.fr/?page_id=2392&amp;print=1" title="Imprimer cet article" rel="nofollow"><img decoding="async" class="WP-PrintIcon" src="http://www.velocanauxdodo.fr/wp-content/plugins/wp-print/images/print.gif" alt="Imprimer cet article" title="Imprimer cet article" style="border: 0px;" /></a>&nbsp;<a href="http://www.velocanauxdodo.fr/?page_id=2392&amp;print=1" title="Imprimer cet article" rel="nofollow">Imprimer cet article</a></p>

<p style="text-align: right;">&nbsp;Imprimer cet article</p>
<p style="text-align: left;">A l&rsquo;occasion du tour de France à plat, site sur lequel on trouvera un article sur cette étape, entre Chalon et Digoin.</p>
<p> Les étapes </p>
<p style="text-align: left;">Nuit à Chalon au camping du Pont de Bourgogne, à 2 pas du centre,&nbsp;sanitaires luxueux et remise de 10% aux cyclistes.</p>
<p> Chalon [&#8230;]</p>
