{"id":5624,"date":"2016-10-04T09:15:46","date_gmt":"2016-10-04T08:15:46","guid":{"rendered":"http:\/\/www.velocanauxdodo.fr\/?page_id=5624"},"modified":"2021-05-16T12:58:27","modified_gmt":"2021-05-16T11:58:27","slug":"ev8-argeles-port-la-nouvelle","status":"publish","type":"page","link":"http:\/\/www.velocanauxdodo.fr\/?page_id=5624","title":{"rendered":"EV8 : Argel\u00e8s Port-la-Nouvelle"},"content":{"rendered":"<h5><img loading=\"lazy\" decoding=\"async\" class=\"alignright size-medium wp-image-5625\" src=\"http:\/\/www.velocanauxdodo.fr\/wp-content\/uploads\/20161002_094835-DSC01154-300x253.jpg\" alt=\"20161002_094835-dsc01154\" width=\"300\" height=\"253\" srcset=\"http:\/\/www.velocanauxdodo.fr\/wp-content\/uploads\/20161002_094835-DSC01154-300x253.jpg 300w, http:\/\/www.velocanauxdodo.fr\/wp-content\/uploads\/20161002_094835-DSC01154-150x127.jpg 150w, http:\/\/www.velocanauxdodo.fr\/wp-content\/uploads\/20161002_094835-DSC01154.jpg 398w\" sizes=\"auto, (max-width: 300px) 100vw, 300px\" \/>Les 1<sup>er<\/sup> et 2 octobre 2016 au d\u00e9part de Prades dans les P.O. o\u00f9 nous soignons nos articulations.<\/h5>\n<h2>Le voyage:<\/h2>\n<p>Aller de Prades \u00e0 Argel\u00e8s en TER via Perpignan et retour Port-la-Nouvelle \u00e0 Prades en TER via Perpignan.<\/p>\n<h2>L\u2019itin\u00e9raire:<\/h2>\n<p>Le long de l&rsquo;Eurov\u00e9lo 8.<\/p>\n<p><img loading=\"lazy\" decoding=\"async\" class=\"alignleft wp-image-684 size-full\" title=\"danger\" src=\"http:\/\/www.velocanauxdodo.fr\/wp-content\/uploads\/danger-e1428042927280.gif\" alt=\"danger\" width=\"48\" height=\"48\">Cet itin\u00e9raire est en cours d&rsquo;am\u00e9nagement. Peu ou pas de documentation (voir plus loin). Dans la partie Pyr\u00e9n\u00e9es Orientales l&rsquo;am\u00e9nagement est quasiment continu entre Argel\u00e8s et Leucate (passerelles sur les rivi\u00e8res et graus, contournement des \u00e9changeurs&#8230;) mais, comme souvent, la signalisation tarde \u00e0 venir. Quand au d\u00e9partement de l&rsquo;AUDE, sa politique v\u00e9lo n&rsquo;\u00e9volue pas, comme sur le canal du midi, comme \u00e0 Carcassonne (pr\u00e9fecture),&#8230;&nbsp;&nbsp;&nbsp;RIEN n&rsquo;est fait!<\/p>\n<h2>Les \u00e9tapes:<\/h2>\n<h3>Argel\u00e8s \u2192&nbsp;Canet plage&nbsp;(23 km)<\/h3>\n<p>Au sortir de la gare d&rsquo;Argeles suivre les pistes cyclables direction \u00ab\u00a0plages\u00a0\u00bb et retrouver l&rsquo;EV8 \u00e0 la sortie nord de la ville sur le Boulevard de la M\u00e9diterran\u00e9e. L&rsquo;itin\u00e9raire longe la D81 entre campings et Luna-parks! Petit d\u00e9tour nature dans la r\u00e9serve du Mas Larrieu o\u00f9 nous campions sauvage quand j&rsquo;avais 10 ans (j&rsquo;ai 10 ans&#8230; ); grace \u00e0 l&rsquo;acquisition du conservatoire du littoral, rien n&rsquo;a chang\u00e9, le paradis. belle plage naturiste. Travers\u00e9e de St Cyprien \u00e0 \u00e9viter en \u00e9t\u00e9! routes, voitures, r\u00e9sidences&#8230;.. l&rsquo;horreur et en plus avec une signalisation hasardeuse. La voie longe \u00e0 nouveau la D81 toujours aussi voitureuse. passage devant un vrai-faux village de p\u00e9cheurs puis on voit pointer les immeubles du Canet!!!<\/p>\n<h4><img loading=\"lazy\" decoding=\"async\" class=\"alignleft wp-image-406 size-full\" title=\"oui\" src=\"\/wp-content\/uploads\/oui.gif\" alt=\"oui\" width=\"48\" height=\"48\">Nuit \u00e0 l&rsquo;h\u00f4tel St Georges<\/h4>\n<p>Un rare 2** dans cette station baln\u00e9aire. petite piscine agr\u00e9able. Eviter les chambres sur la plage (rue) en saison. D\u00eener au Petit Bistrot (place de la m\u00e9diterran\u00e9e): patron, patronne et clients authentiques et pour les plats un r\u00e9gal.<\/p>\n<h3>Canet \u2192 Port la Nouvelle&nbsp;(53 km)<\/h3>\n<div id=\"attachment_5626\" style=\"width: 310px\" class=\"wp-caption alignright\"><img loading=\"lazy\" decoding=\"async\" aria-describedby=\"caption-attachment-5626\" class=\"size-medium wp-image-5626\" src=\"http:\/\/www.velocanauxdodo.fr\/wp-content\/uploads\/20161002_100431-DSC01155-300x200.jpg\" alt=\"Bel am\u00e9nagement\" width=\"300\" height=\"200\" srcset=\"http:\/\/www.velocanauxdodo.fr\/wp-content\/uploads\/20161002_100431-DSC01155-300x200.jpg 300w, http:\/\/www.velocanauxdodo.fr\/wp-content\/uploads\/20161002_100431-DSC01155-150x100.jpg 150w, http:\/\/www.velocanauxdodo.fr\/wp-content\/uploads\/20161002_100431-DSC01155-400x267.jpg 400w, http:\/\/www.velocanauxdodo.fr\/wp-content\/uploads\/20161002_100431-DSC01155.jpg 448w\" sizes=\"auto, (max-width: 300px) 100vw, 300px\" \/><p id=\"caption-attachment-5626\" class=\"wp-caption-text\">Bel am\u00e9nagement<\/p><\/div>\n<p>Difficile de retrouver l&rsquo;itin\u00e9raire \u00e0 la sortie du Canet; plusieurs \u00e9changeurs, avec des pistes cyclables partout mais sans aucune indication! La voie longe toujours la D81, de beaux am\u00e9nagements, de belles s\u00e9rigraphies au sol en campagne mais toujours la gal\u00e8re pour la travers\u00e9e des villes. A St Laurent de la Salanques, l&rsquo;itin\u00e9raire emprunte la voie verte de l&rsquo;Agly jusqu&rsquo;au Barcar\u00e8s puis Leucate (AUDE). L\u00e0 tout se g\u00e2te. S&rsquo;il y a encore une voie cyclable mat\u00e9rialis\u00e9e \u00e0 l&rsquo;entr\u00e9e de la ville, en arrivant au rond-point devant le port, fini! la s\u00e9rigraphie de la voie cyclable sur la D90, vers le pont de la D627 , a \u00e9t\u00e9 soigneusement effac\u00e9e!!! A noter ensuite, la belle voie dans la pin\u00e8de le long de l&rsquo;\u00e9tang qui nous m\u00e8ne au Grau de Leucate. D\u00e9jeuner fruits de mer dans une cabane ostr\u00e9icole.&nbsp; Voie cyclable jusqu&rsquo;\u00e0 l&rsquo;entr\u00e9e de Leucate puis z\u00e9ro am\u00e9nagement et z\u00e9ro signalisation jusqu&rsquo;\u00e0 l&rsquo;arriv\u00e9e.<\/p>\n<div id=\"attachment_5627\" style=\"width: 310px\" class=\"wp-caption alignleft\"><img loading=\"lazy\" decoding=\"async\" aria-describedby=\"caption-attachment-5627\" class=\"wp-image-5627 size-medium\" src=\"http:\/\/www.velocanauxdodo.fr\/wp-content\/uploads\/20161002_135955-DSC01177-300x200.jpg\" alt=\"apr\u00e8s Leucate\" width=\"300\" height=\"200\" srcset=\"http:\/\/www.velocanauxdodo.fr\/wp-content\/uploads\/20161002_135955-DSC01177-300x200.jpg 300w, http:\/\/www.velocanauxdodo.fr\/wp-content\/uploads\/20161002_135955-DSC01177-150x100.jpg 150w, http:\/\/www.velocanauxdodo.fr\/wp-content\/uploads\/20161002_135955-DSC01177-400x267.jpg 400w, http:\/\/www.velocanauxdodo.fr\/wp-content\/uploads\/20161002_135955-DSC01177.jpg 448w\" sizes=\"auto, (max-width: 300px) 100vw, 300px\" \/><p id=\"caption-attachment-5627\" class=\"wp-caption-text\">apr\u00e8s Leucate<\/p><\/div>\n<p>A la sortie de Leucate, pour \u00e9viter la d\u00e9partementale, prendre \u00e0 droite le chemin de la perri\u00e8re qui monte sur le beau plateau dominant le village et m\u00e8ne \u00e0 la gare de Leucate. Pour traverser les voies, on peut prendre la passerelle redoutable ou faire le tour par le pont au sud. Pour \u00e9viter les routes voitureuses, on peut prendre alors l&rsquo;ancien chemin de Narbonne \u00e0 Leucate (ATTENTION: la DDE de l&rsquo;AUDE \u00e0 \u00ab\u00a0oubli\u00e9\u00a0\u00bb de raccorder cette route au rond point de la Prade! un beau foss\u00e9 \u00e0 traverser. merci encore), &nbsp;puis le chemin de la Palme \u00e0 Leucate. Un petit bout de D709 puis petite route vers la mer jusqu&rsquo;\u00e0 Port la Nouvelle.<\/p>\n<h2>Le parcours<\/h2>\n<p>Ci dessous la trace du parcours. A vous de jouer.<\/p>\n<p><center>[map kml=\u00a0\u00bbhttp:\/\/www.velocanauxdodo.fr\/wp-content\/gpstraces\/ev8argport.kmz\u00a0\u00bb style=\u00a0\u00bbwidth:400px; height:600px;border:2px solid black; margin:20px 20px 20px 20px;\u00a0\u00bb z=\u00a0\u00bb10&Prime;]<\/center>Les donn\u00e9es GPS compl\u00e8tes: Routes, Traces, points d&rsquo;int\u00e9r\u00eats sont disponibles dans le menu <a href=\"\/?page_id=262\">t\u00e9l\u00e9chargements<\/a>.<\/p>\n<h2>Documentation<\/h2>\n<p><div class=\"note\"><div class=\"noteclassic\"><\/p>\n<p>Le site des P.O. La <a href=\"http:\/\/www.ledepartement66.fr\/473-la-velittorale.htm\" target=\"_blank\" rel=\"noopener\">V\u00e9littorale<\/a>.<\/p>\n<p><\/div><\/div><\/p>\n<\/p>\n<h2>Photos<\/h2>\n<p>ngg_shortcode_0_placeholder<\/p>\n<p>\n<p style=\"text-align: right;\"><a href=\"http:\/\/www.velocanauxdodo.fr\/?page_id=5624&amp;print=1\" title=\"Imprimer cet article\" rel=\"nofollow\"><img decoding=\"async\" class=\"WP-PrintIcon\" src=\"http:\/\/www.velocanauxdodo.fr\/wp-content\/plugins\/wp-print\/images\/print.gif\" alt=\"Imprimer cet article\" title=\"Imprimer cet article\" style=\"border: 0px;\" \/><\/a>&nbsp;<a href=\"http:\/\/www.velocanauxdodo.fr\/?page_id=5624&amp;print=1\" title=\"Imprimer cet article\" rel=\"nofollow\">Imprimer cet article<\/a><\/p>\n","protected":false},"excerpt":{"rendered":"<p>Les 1er et 2 octobre 2016 au d\u00e9part de Prades dans les P.O. o\u00f9 nous soignons nos articulations. Le voyage: <\/p>\n<p>Aller de Prades \u00e0 Argel\u00e8s en TER via Perpignan et retour Port-la-Nouvelle \u00e0 Prades en TER via Perpignan.<\/p>\n<p> L\u2019itin\u00e9raire: <\/p>\n<p>Le long de l&rsquo;Eurov\u00e9lo 8.<\/p>\n<p>Cet itin\u00e9raire est en cours d&rsquo;am\u00e9nagement. Peu ou pas de documentation [&#8230;]<\/p>\n","protected":false},"author":1,"featured_media":0,"parent":1251,"menu_order":0,"comment_status":"closed","ping_status":"closed","template":"","meta":{"ngg_post_thumbnail":0,"footnotes":""},"class_list":["post-5624","page","type-page","status-publish","hentry","odd"],"_links":{"self":[{"href":"http:\/\/www.velocanauxdodo.fr\/index.php?rest_route=\/wp\/v2\/pages\/5624","targetHints":{"allow":["GET"]}}],"collection":[{"href":"http:\/\/www.velocanauxdodo.fr\/index.php?rest_route=\/wp\/v2\/pages"}],"about":[{"href":"http:\/\/www.velocanauxdodo.fr\/index.php?rest_route=\/wp\/v2\/types\/page"}],"author":[{"embeddable":true,"href":"http:\/\/www.velocanauxdodo.fr\/index.php?rest_route=\/wp\/v2\/users\/1"}],"replies":[{"embeddable":true,"href":"http:\/\/www.velocanauxdodo.fr\/index.php?rest_route=%2Fwp%2Fv2%2Fcomments&post=5624"}],"version-history":[{"count":8,"href":"http:\/\/www.velocanauxdodo.fr\/index.php?rest_route=\/wp\/v2\/pages\/5624\/revisions"}],"predecessor-version":[{"id":7250,"href":"http:\/\/www.velocanauxdodo.fr\/index.php?rest_route=\/wp\/v2\/pages\/5624\/revisions\/7250"}],"up":[{"embeddable":true,"href":"http:\/\/www.velocanauxdodo.fr\/index.php?rest_route=\/wp\/v2\/pages\/1251"}],"wp:attachment":[{"href":"http:\/\/www.velocanauxdodo.fr\/index.php?rest_route=%2Fwp%2Fv2%2Fmedia&parent=5624"}],"curies":[{"name":"wp","href":"https:\/\/api.w.org\/{rel}","templated":true}]}}

EV8 : Argelès Port-la-Nouvelle

<h5><img loading="lazy" decoding="async" class="alignright size-medium wp-image-5625" src="http://www.velocanauxdodo.fr/wp-content/uploads/20161002_094835-DSC01154-300x253.jpg" alt="20161002_094835-dsc01154" width="300" height="253" srcset="http://www.velocanauxdodo.fr/wp-content/uploads/20161002_094835-DSC01154-300x253.jpg 300w, http://www.velocanauxdodo.fr/wp-content/uploads/20161002_094835-DSC01154-150x127.jpg 150w, http://www.velocanauxdodo.fr/wp-content/uploads/20161002_094835-DSC01154.jpg 398w" sizes="auto, (max-width: 300px) 100vw, 300px" />Les 1<sup>er</sup> et 2 octobre 2016 au départ de Prades dans les P.O. où nous soignons nos articulations.</h5>
<h2>Le voyage:</h2>
<p>Aller de Prades à Argelès en TER via Perpignan et retour Port-la-Nouvelle à Prades en TER via Perpignan.</p>
<h2>L’itinéraire:</h2>
<p>Le long de l&rsquo;Eurovélo 8.</p>
<p><img loading="lazy" decoding="async" class="alignleft wp-image-684 size-full" title="danger" src="http://www.velocanauxdodo.fr/wp-content/uploads/danger-e1428042927280.gif" alt="danger" width="48" height="48">Cet itinéraire est en cours d&rsquo;aménagement. Peu ou pas de documentation (voir plus loin). Dans la partie Pyrénées Orientales l&rsquo;aménagement est quasiment continu entre Argelès et Leucate (passerelles sur les rivières et graus, contournement des échangeurs&#8230;) mais, comme souvent, la signalisation tarde à venir. Quand au département de l&rsquo;AUDE, sa politique vélo n&rsquo;évolue pas, comme sur le canal du midi, comme à Carcassonne (préfecture),&#8230;&nbsp;&nbsp;&nbsp;RIEN n&rsquo;est fait!</p>
<h2>Les étapes:</h2>
<h3>Argelès →&nbsp;Canet plage&nbsp;(23 km)</h3>
<p>Au sortir de la gare d&rsquo;Argeles suivre les pistes cyclables direction « plages » et retrouver l&rsquo;EV8 à la sortie nord de la ville sur le Boulevard de la Méditerranée. L&rsquo;itinéraire longe la D81 entre campings et Luna-parks! Petit détour nature dans la réserve du Mas Larrieu où nous campions sauvage quand j&rsquo;avais 10 ans (j&rsquo;ai 10 ans&#8230; ); grace à l&rsquo;acquisition du conservatoire du littoral, rien n&rsquo;a changé, le paradis. belle plage naturiste. Traversée de St Cyprien à éviter en été! routes, voitures, résidences&#8230;.. l&rsquo;horreur et en plus avec une signalisation hasardeuse. La voie longe à nouveau la D81 toujours aussi voitureuse. passage devant un vrai-faux village de pécheurs puis on voit pointer les immeubles du Canet!!!</p>
<h4><img loading="lazy" decoding="async" class="alignleft wp-image-406 size-full" title="oui" src="/wp-content/uploads/oui.gif" alt="oui" width="48" height="48">Nuit à l&rsquo;hôtel St Georges</h4>
<p>Un rare 2** dans cette station balnéaire. petite piscine agréable. Eviter les chambres sur la plage (rue) en saison. Dîner au Petit Bistrot (place de la méditerranée): patron, patronne et clients authentiques et pour les plats un régal.</p>
<h3>Canet → Port la Nouvelle&nbsp;(53 km)</h3>
<div id="attachment_5626" style="width: 310px" class="wp-caption alignright"><img loading="lazy" decoding="async" aria-describedby="caption-attachment-5626" class="size-medium wp-image-5626" src="http://www.velocanauxdodo.fr/wp-content/uploads/20161002_100431-DSC01155-300x200.jpg" alt="Bel aménagement" width="300" height="200" srcset="http://www.velocanauxdodo.fr/wp-content/uploads/20161002_100431-DSC01155-300x200.jpg 300w, http://www.velocanauxdodo.fr/wp-content/uploads/20161002_100431-DSC01155-150x100.jpg 150w, http://www.velocanauxdodo.fr/wp-content/uploads/20161002_100431-DSC01155-400x267.jpg 400w, http://www.velocanauxdodo.fr/wp-content/uploads/20161002_100431-DSC01155.jpg 448w" sizes="auto, (max-width: 300px) 100vw, 300px" /><p id="caption-attachment-5626" class="wp-caption-text">Bel aménagement</p></div>
<p>Difficile de retrouver l&rsquo;itinéraire à la sortie du Canet; plusieurs échangeurs, avec des pistes cyclables partout mais sans aucune indication! La voie longe toujours la D81, de beaux aménagements, de belles sérigraphies au sol en campagne mais toujours la galère pour la traversée des villes. A St Laurent de la Salanques, l&rsquo;itinéraire emprunte la voie verte de l&rsquo;Agly jusqu&rsquo;au Barcarès puis Leucate (AUDE). Là tout se gâte. S&rsquo;il y a encore une voie cyclable matérialisée à l&rsquo;entrée de la ville, en arrivant au rond-point devant le port, fini! la sérigraphie de la voie cyclable sur la D90, vers le pont de la D627 , a été soigneusement effacée!!! A noter ensuite, la belle voie dans la pinède le long de l&rsquo;étang qui nous mène au Grau de Leucate. Déjeuner fruits de mer dans une cabane ostréicole.&nbsp; Voie cyclable jusqu&rsquo;à l&rsquo;entrée de Leucate puis zéro aménagement et zéro signalisation jusqu&rsquo;à l&rsquo;arrivée.</p>
<div id="attachment_5627" style="width: 310px" class="wp-caption alignleft"><img loading="lazy" decoding="async" aria-describedby="caption-attachment-5627" class="wp-image-5627 size-medium" src="http://www.velocanauxdodo.fr/wp-content/uploads/20161002_135955-DSC01177-300x200.jpg" alt="après Leucate" width="300" height="200" srcset="http://www.velocanauxdodo.fr/wp-content/uploads/20161002_135955-DSC01177-300x200.jpg 300w, http://www.velocanauxdodo.fr/wp-content/uploads/20161002_135955-DSC01177-150x100.jpg 150w, http://www.velocanauxdodo.fr/wp-content/uploads/20161002_135955-DSC01177-400x267.jpg 400w, http://www.velocanauxdodo.fr/wp-content/uploads/20161002_135955-DSC01177.jpg 448w" sizes="auto, (max-width: 300px) 100vw, 300px" /><p id="caption-attachment-5627" class="wp-caption-text">après Leucate</p></div>
<p>A la sortie de Leucate, pour éviter la départementale, prendre à droite le chemin de la perrière qui monte sur le beau plateau dominant le village et mène à la gare de Leucate. Pour traverser les voies, on peut prendre la passerelle redoutable ou faire le tour par le pont au sud. Pour éviter les routes voitureuses, on peut prendre alors l&rsquo;ancien chemin de Narbonne à Leucate (ATTENTION: la DDE de l&rsquo;AUDE à « oublié » de raccorder cette route au rond point de la Prade! un beau fossé à traverser. merci encore), &nbsp;puis le chemin de la Palme à Leucate. Un petit bout de D709 puis petite route vers la mer jusqu&rsquo;à Port la Nouvelle.</p>
<h2>Le parcours</h2>
<p>Ci dessous la trace du parcours. A vous de jouer.</p>
<p><center>[map kml= »http://www.velocanauxdodo.fr/wp-content/gpstraces/ev8argport.kmz » style= »width:400px; height:600px;border:2px solid black; margin:20px 20px 20px 20px; » z= »10&Prime;]</center>Les données GPS complètes: Routes, Traces, points d&rsquo;intérêts sont disponibles dans le menu <a href="/?page_id=262">téléchargements</a>.</p>
<h2>Documentation</h2>
<p><div class="note"><div class="noteclassic"></p>
<p>Le site des P.O. La <a href="http://www.ledepartement66.fr/473-la-velittorale.htm" target="_blank" rel="noopener">Vélittorale</a>.</p>
<p></div></div></p>
</p>
<h2>Photos</h2>
<p>ngg_shortcode_0_placeholder</p>
<p>
<p style="text-align: right;"><a href="http://www.velocanauxdodo.fr/?page_id=5624&amp;print=1" title="Imprimer cet article" rel="nofollow"><img decoding="async" class="WP-PrintIcon" src="http://www.velocanauxdodo.fr/wp-content/plugins/wp-print/images/print.gif" alt="Imprimer cet article" title="Imprimer cet article" style="border: 0px;" /></a>&nbsp;<a href="http://www.velocanauxdodo.fr/?page_id=5624&amp;print=1" title="Imprimer cet article" rel="nofollow">Imprimer cet article</a></p>

<p>Les 1er et 2 octobre 2016 au départ de Prades dans les P.O. où nous soignons nos articulations. Le voyage: </p>
<p>Aller de Prades à Argelès en TER via Perpignan et retour Port-la-Nouvelle à Prades en TER via Perpignan.</p>
<p> L’itinéraire: </p>
<p>Le long de l&rsquo;Eurovélo 8.</p>
<p>Cet itinéraire est en cours d&rsquo;aménagement. Peu ou pas de documentation [&#8230;]</p>
