{"id":6238,"date":"2017-10-18T15:59:40","date_gmt":"2017-10-18T14:59:40","guid":{"rendered":"http:\/\/www.velocanauxdodo.fr\/?page_id=6238"},"modified":"2018-08-03T07:20:33","modified_gmt":"2018-08-03T06:20:33","slug":"dijon-%e2%86%92-geneve-juin-2014-vs-mai-1889","status":"publish","type":"page","link":"http:\/\/www.velocanauxdodo.fr\/?page_id=6238","title":{"rendered":"Paris \u2192 Gen\u00e8ve Juin 2014 vs mai 1889"},"content":{"rendered":"<h6>randonn\u00e9e faite en juin 2014 sur le parcours d\u00e9crit et r\u00e9alis\u00e9 en juin 1889 par Henri Andr\u00e9.<\/h6>\n<p>Ci dessous la trace du parcours 2014. Vous trouverez les descriptifs sur le <a href=\"http:\/\/www.rv37.fr\/?page_id=2215\" target=\"_blank\" rel=\"noopener noreferrer\">site RV37<\/a>.<\/p>\n<h2>Le parcours<\/h2>\n<p><center>[map kml=\u00a0\u00bbhttp:\/\/www.velocanauxdodo.fr\/wp-content\/gpstraces\/jura-2014.kml\u00a0\u00bb style=\u00a0\u00bbwidth:700px; height:600px;border:2px solid black; margin:20px 20px 20px 20px;\u00a0\u00bb z=\u00a0\u00bb8&Prime;]<\/center>La Traces GPS est disponible dans le menu <a href=\"http:\/\/www.velocanauxdodo.fr\/?page_id=262\">t\u00e9l\u00e9chargements<\/a>.<\/p>\n<p>&nbsp;<\/p>\n","protected":false},"excerpt":{"rendered":"<p>randonn\u00e9e faite en juin 2014 sur le parcours d\u00e9crit et r\u00e9alis\u00e9 en juin 1889 par Henri Andr\u00e9. <\/p>\n<p>Ci dessous la trace du parcours 2014. Vous trouverez les descriptifs sur le site RV37.<\/p>\n<p> Le parcours <\/p>\n<p>[map kml= \u00bbhttp:\/\/www.velocanauxdodo.fr\/wp-content\/gpstraces\/jura-2014.kml \u00bb style= \u00bbwidth:700px; height:600px;border:2px solid black; margin:20px 20px 20px 20px; \u00bb z= \u00bb8&Prime;]La Traces GPS est disponible dans [&#8230;]<\/p>\n","protected":false},"author":1,"featured_media":0,"parent":6217,"menu_order":0,"comment_status":"open","ping_status":"closed","template":"","meta":{"ngg_post_thumbnail":0,"footnotes":""},"class_list":["post-6238","page","type-page","status-publish","hentry","odd"],"_links":{"self":[{"href":"http:\/\/www.velocanauxdodo.fr\/index.php?rest_route=\/wp\/v2\/pages\/6238","targetHints":{"allow":["GET"]}}],"collection":[{"href":"http:\/\/www.velocanauxdodo.fr\/index.php?rest_route=\/wp\/v2\/pages"}],"about":[{"href":"http:\/\/www.velocanauxdodo.fr\/index.php?rest_route=\/wp\/v2\/types\/page"}],"author":[{"embeddable":true,"href":"http:\/\/www.velocanauxdodo.fr\/index.php?rest_route=\/wp\/v2\/users\/1"}],"replies":[{"embeddable":true,"href":"http:\/\/www.velocanauxdodo.fr\/index.php?rest_route=%2Fwp%2Fv2%2Fcomments&post=6238"}],"version-history":[{"count":3,"href":"http:\/\/www.velocanauxdodo.fr\/index.php?rest_route=\/wp\/v2\/pages\/6238\/revisions"}],"predecessor-version":[{"id":6260,"href":"http:\/\/www.velocanauxdodo.fr\/index.php?rest_route=\/wp\/v2\/pages\/6238\/revisions\/6260"}],"up":[{"embeddable":true,"href":"http:\/\/www.velocanauxdodo.fr\/index.php?rest_route=\/wp\/v2\/pages\/6217"}],"wp:attachment":[{"href":"http:\/\/www.velocanauxdodo.fr\/index.php?rest_route=%2Fwp%2Fv2%2Fmedia&parent=6238"}],"curies":[{"name":"wp","href":"https:\/\/api.w.org\/{rel}","templated":true}]}}